6 prime?
False
Is 11549 a prime number?
True
Is 236931 a prime number?
False
Is 41159 a composite number?
True
Is 2235287 a composite number?
False
Is 880199 prime?
True
Is 2440079 a composite number?
False
Is 9643 a prime number?
True
Is 20477 prime?
True
Is 607471 a composite number?
False
Is 35137 prime?
False
Is 902941 composite?
True
Is 219161 composite?
True
Is 351823 a prime number?
False
Is 6779 prime?
True
Is 9953 a composite number?
True
Is 149183 a prime number?
True
Is 42685 prime?
False
Is 221269 composite?
True
Is 5671 a prime number?
False
Is 476314 composite?
True
Is 70939 a prime number?
False
Is 3907 prime?
True
Is 150445 prime?
False
Is 32639 composite?
True
Is 377534 a prime number?
False
Is 182577 a prime number?
False
Is 4497 prime?
False
Is 184033 prime?
False
Is 46993 a composite number?
False
Is 32251 a composite number?
False
Is 127807 a composite number?
False
Is 5791 a prime number?
True
Is 197359 prime?
True
Is 4951 a composite number?
False
Is 9091 composite?
False
Is 18803 prime?
True
Is 3831 a composite number?
True
Is 180857 prime?
False
Is 1774781 composite?
True
Is 3641 composite?
True
Is 89593 prime?
False
Is 315589 composite?
False
Is 171067 a prime number?
False
Is 154229 composite?
False
Is 280199 composite?
False
Is 27509 prime?
True
Is 794 a prime number?
False
Is 380557 a composite number?
False
Is 13777 a prime number?
False
Is 9491 a composite number?
False
Is 16127 composite?
False
Is 852901 a prime number?
False
Is 34939 composite?
False
Is 945457 composite?
False
Is 59989 prime?
False
Is 109234 a composite number?
True
Is 313393 a composite number?
True
Is 366097 a composite number?
False
Is 39811 prime?
False
Is 11771 prime?
False
Is 161043 a composite number?
True
Is 2129 prime?
True
Is 89151 composite?
True
Is 500098 a prime number?
False
Is 793667 prime?
False
Is 54539 prime?
True
Is 94883 prime?
False
Is 261871 prime?
False
Is 85798 composite?
True
Is 803 prime?
False
Is 16301 a prime number?
True
Is 10533 a prime number?
False
Is 77137 composite?
False
Is 287953 prime?
False
Is 18041 prime?
True
Is 121718 composite?
True
Is 399851 prime?
True
Is 44006 prime?
False
Is 12929 a composite number?
True
Is 7069 a composite number?
False
Is 1546 a prime number?
False
Is 26929 composite?
True
Is 5513 a composite number?
True
Is 3739 a composite number?
False
Is 47095 prime?
False
Is 2218891 a prime number?
False
Is 42979 prime?
True
Is 24755 prime?
False
Is 323723 a prime number?
False
Is 295111 a prime number?
True
Is 8209 prime?
True
Is 19911 a prime number?
False
Is 138793 prime?
True
Is 1543 a composite number?
False
Is 151397 a composite number?
False
Is 11631 prime?
False
Is 2099 composite?
False
Is 2868443 prime?
True
Is 1869755 prime?
False
Is 36257 a prime number?
False
Is 478457 composite?
True
Is 169867 a composite number?
True
Is 20177 prime?
True
Is 6731 a prime number?
False
Is 38953 prime?
True
Is 703343 a prime number?
False
Is 335831 prime?
False
Is 44633 composite?
False
Is 471241 a prime number?
True
Is 1169563 prime?
True
Is 10661 a composite number?
True
Is 26137 prime?
False
Is 33805 composite?
True
Is 14765 a prime number?
False
Is 152261 composite?
True
Is 2231 prime?
False
Is 15689 composite?
True
Is 550991 composite?
True
Is 35911 a prime number?
True
Is 473639 a composite number?
True
Is 124631 a composite number?
True
Is 5711 a composite number?
False
Is 355933 composite?
False
Is 625705 prime?
False
Is 37469 composite?
True
Is 151091 a composite number?
False
Is 95783 a composite number?
False
Is 16729 prime?
True
Is 61861 a prime number?
True
Is 21313 a prime number?
True
Is 33827 prime?
True
Is 165017 a composite number?
True
Is 1082841 a composite number?
True
Is 175811 composite?
False
Is 217051 a prime number?
False
Is 526271 prime?
True
Is 15567 a prime number?
False
Is 73547 composite?
False
Is 549533 composite?
False
Is 85161 a prime number?
False
Is 2167 a prime number?
False
Is 2453 a composite number?
True
Is 242119 a composite number?
False
Is 135103 a composite number?
True
Is 220447 composite?
False
Is 450335 prime?
False
Is 4801 composite?
False
Is 54763 a prime number?
False
Is 46173 a composite number?
True
Is 6185251 a prime number?
True
Is 80743 a prime number?
False
Is 51563 prime?
True
Is 108529 a composite number?
False
Is 4379 prime?
False
Is 14401 prime?
True
Is 24233 a prime number?
False
Is 1674327 prime?
False
Is 1316279 a composite number?
False
Is 71221 composite?
True
Is 419 a prime number?
True
Is 4107247 prime?
True
Is 12587 composite?
True
Is 77369 prime?
True
Is 7387 a prime number?
False
Is 3659 a composite number?
False
Is 1507414 composite?
True
Is 292099 a prime number?
False
Is 67387 a composite number?
True
Is 3337 composite?
True
Is 5461 composite?
True
Is 26449 composite?
False
Is 704651 prime?
False
Is 321 prime?
False
Is 607417 a composite number?
False
Is 44467 a composite number?
True
Is 1098769 composite?
True
Is 21181 prime?
False
Is 479285 a composite number?
True
Is 51473 a composite number?
False
Is 45817 composite?
False
Is 8353 a prime number?
True
Is 16097 composite?
False
Is 184627 composite?
False
Is 227947 composite?
False
Is 11015 a composite number?
True
Is 75329 a prime number?
True
Is 1633 prime?
False
Is 17041 prime?
True
Is 14441 a prime number?
False
Is 59351 composite?
False
Is 22901 a composite number?
False
Is 2179 prime?
True
Is 1361 composite?
False
Is 1081 prime?
False
Is 51929 prime?
True
Is 6547 a prime number?
True
Is 4241 a prime number?
True
Is 63229 composite?
True
Is 147377 a prime number?
True
Is 149915 a composite number?
True
Is 49057 a prime number?
True
Is 7801 composite?
True
Is 17191 a prime number?
True
Is 275269 a composite number?
False
Is 10655 composite?
True
Is 25391 a prime number?
True
Is 2517 composite?
True
Is 562127 prime?
False
Is 2944841 prime?
True
Is 761113 prime?
True
Is 96601 prime?
True
Is 331207 a composite number?
False
Is 5381 a prime number?
True
Is 1685101 prime?
False
Is 78359 composite?
True
Is 8371 composite?
True
Is 1669 prime?
True
Is 39142 prime?
False
Is 39917 a prime number?
False
Is 19529 a composite number?
True
Is 288319 composite?
True
Is 82873 composite?
True
Is 6707 a prime number?
False
Is 4104818 a prime number?
False
Is 271493 composite?
True
Is 34211 prime?
True
Is 8999 a prime number?
True
Is 294773 prime?
True
Is 16271 composite?
True
Is 306853 prime?
True
Is 29473 a composite number?
False
Is 149459 composite?
False
Is 10343 prime?
True
Is 1759 a composite number?
False
Is 210417 a prime number?
False
Is 256541 a prime number?
True
Is 51773 prime?
False
Is 3389 composite?
False
Is 578957 a prime number?
True
Is 299 prime?
False
Is 8637 prime?
False
Is 848251 prime?
True
Is 33109 a prime number?
False
Is 219838 a prime number?
False
Is 1337 a composite number?
True
Is 12001 a composite number?
True
Is 31918 a prime number?
False
Is 79906 prime?
False
Is 1047821 a composite number?
False
Is 403757 a composite number?
False
Is 100829 a prime number?
True
Is 208371 a prime number?
False
Is 75121 a prime number?
False
Is 83 prime?
True
Is 28051 composite?
False
Is 3665 a composite number?
True
Is 1059335 composite?
True
Is 730969 a prime number?
True
Is 46847 composite?
True
Is 36745 a prime number?
False
Is 10303 a composite number?
False
Is 6443 prime?
False
Is 321443 a prime number?
True
Is 64109 a composite number?
False
Is 4481 composite?
False
Is 593 composite?
False
Is 2918 a composite number?
True
Is 7283 composite?
False
Is 16349 composite?
False
Is 254381 composite?
True
Is 919 prime?
True
Is 863609 composite?
False
Is 272659 a prime number?
True
Is 2981 a prime number?
False
Is 809563 composite?
False
Is 3593 a prime number?
True
Is 7507 a composite number?
False
Is 4499 a prime number?
False
Is 1274851 composite?
False
Is 13591 prime?
True
Is 44463 a prime number?
False
Is 168923 composite?
True
Is 10291 a composite number?
True
Is 35471 a composite number?
True
Is 3957977 a prime number?
False
Is 25934 a composite number?
True
Is 13033 a prime number?
True
Is 6001 composite?
True
Is 12071 composite?
False
Is 2517 prime?
False
Is 70051 composite?
False
Is 26327 a composite number?
True
Is 107039 prime?
False
Is 1858309 composite?
Fal